mber?
False
Let k = 1483 - -7396. Is k a prime number?
False
Suppose -5*y = 3*o - 1170, 0 = -2*o - 3*o - 25. Let g = 357 - y. Let k = g - -3. Is k a prime number?
False
Let t = -6315 + 3214. Let w = t + 4672. Is w prime?
True
Suppose -3*v = -5*f + 717787, -f - 13*v + 6*v + 143527 = 0. Is f prime?
False
Let b(i) = -31 + 128 + 38*i + 36*i. Is b(6) composite?
False
Suppose -30*d = 3*z - 28*d - 242817, -z - 21*d + 80817 = 0. Is z a prime number?
False
Let j(k) = 26 + 9 + 13 + k - 34. Let o be j(-21). Is 2 + o/35 + 7492/10 a prime number?
True
Suppose 2*w - 2*q + 7424 = 0, 5*w + 18557 = -4*q + 6*q. Is w/((5 + -8)/3) a composite number?
True
Let m(u) = -2618*u - 2705. Is m(-9) a prime number?
True
Let n = 48 + -43. Suppose n*c + 39 = 4*v - 52, -4*c - 5*v = 40. Let w = 34 + c. Is w a prime number?
True
Suppose 4*l + 129 = 5*b, -2*b - 8*l = -11*l - 53. Let t(i) = b + 260*i - 1 - 3. Is t(4) prime?
True
Let v be 3*4/(-36)*3 + -2. Is (-96050)/(-8) - v/4 composite?
False
Let y be (-4)/2 + 6529 + 5 + -3. Suppose -175*i + y = -174*i. Is i a prime number?
True
Suppose 5*x + 2*l - 242827 = 0, 2*x + 9*l - 97150 = 5*l. Is x composite?
False
Suppose 23*u = 857697 + 1616758. Is u a composite number?
True
Let p be 33/12 + 6/24. Suppose 5 = -2*i + p*x + 1, -3*x = -5*i + 8. Is (i/(-8))/(4/(-120)) a prime number?
False
Is (22911006/30)/(1/5) prime?
True
Let v(u) = 9714*u**3 + 6*u**2 - 12*u + 17. Is v(2) composite?
True
Suppose -18*f - 42 = 30. Is (-430273)/(-116) - (-1)/f a prime number?
True
Let r(x) = 34*x**2 - x. Let g be (-1 - -2) + -5 - -6. Suppose -2*b = -2*w - 2, 0*b = -2*b + 4*w + g. Is r(b) a composite number?
True
Is ((-15)/12)/((-1)/18808) + -1 a prime number?
True
Let d(f) = 12*f**2 - 3*f + 7. Let o be d(4). Let p = o - -14. Let q = 25 + p. Is q a prime number?
False
Suppose -2*h = -c + 476563, 13*h = 4*c + 11*h - 1906300. Is c prime?
True
Let q be (0 - (-20)/(-8))*10. Let i = 28 + q. Is 3509/11 - (i + -1) prime?
True
Let t(z) = -z**3 + z**2 + 3*z + 5. Suppose 4*i + 5*q - 15 = 0, 6*i - 23 = 2*i + 3*q. Suppose 9 = 3*m, 5 = 5*b + i*m - 0. Is t(b) prime?
True
Let j be 1/(2/312) - (1 - 1). Let i = 411 - j. Let y = i - -418. Is y a composite number?
False
Let w(q) = -q**2 + 46*q - 101. Let x(z) be the first derivative of -z**3/3 + 69*z**2/2 - 152*z + 25. Let t(k) = -7*w(k) + 5*x(k). Is t(-26) a composite number?
False
Let i(r) = -193996*r + 515. Is i(-2) a composite number?
True
Suppose 96*l = 101*l - 5*g - 4730, l - 950 = 2*g. Let x = -940 + 2373. Let s = x - l. Is s a composite number?
False
Let x be (20/6 + -3)*9. Suppose x*z - 1102 = -469. Is z composite?
False
Let s = -105 + 112. Suppose -3*v - s + 1 = 0. Is (-1 - (-1477)/(-4))*(v - 2) a prime number?
True
Let l be (-14)/(2/1) - 0. Let w(z) = -20 - 182*z - 199*z - 185*z + 61*z**2 + 578*z. Is w(l) composite?
True
Suppose 2*g = -5*y - 5506, 3*y - 3*g + 3138 = -153. Let u = 1546 + y. Let b = 351 + u. Is b a composite number?
False
Let z = 26006 + -9921. Is z prime?
False
Suppose -13*i - 64187 - 82791 = 0. Let c = i - -15859. Is c a composite number?
True
Let v = -3 - 0. Let i(c) = -14*c**3 - 10 - 10*c - 11 - 22 + c + 35. Is i(v) a composite number?
False
Is 11/((-561)/(-28267685))*3 a composite number?
True
Suppose -241774 = -9*k - 40093. Is k a composite number?
False
Let a(q) = q**3 - 9*q**2 + q - 4. Let n be a(9). Suppose 0*t + n*f - 3839 = 4*t, -5*t - 4800 = -5*f. Let m = t - -1694. Is m prime?
True
Let v = -974 + -3342. Let o = 6050 + v. Suppose -7*y + y = -o. Is y composite?
True
Suppose -3*o + 24487 = -4*h, 0 = o - 2*h - 2710 - 5455. Let x = o - -1744. Is x prime?
True
Let r(t) = 57*t**2 + 59*t - 1489. Is r(45) composite?
True
Suppose -65584742 + 8455528 = -34*g. Is g composite?
False
Let l(p) = -6*p - 10. Suppose -5*k - 2*k - 35 = 0. Let y be l(k). Is 12/y*5 + 1588 a composite number?
True
Suppose -9*c - c + 50420 = 0. Is 4*(-6)/(-8) + c a prime number?
False
Let x(y) = -y - 1. Let q(i) = 8*i**2 - 16*i + 19. Let v(c) = q(c) + 3*x(c). Suppose -306 = 18*r - 52*r. Is v(r) prime?
False
Suppose 1919261 = -3*m + 26*m - 3183818. Is m a prime number?
True
Is 3*(7/(-2) - (-2908831)/438) composite?
False
Suppose 3379 - 57493 = -29*q. Suppose 2*x - 4*b = q, -2*x + 7*x - 3*b - 4651 = 0. Is x a composite number?
False
Let n be (-6)/(-15) - 36/(-10). Suppose n*d = 3571 + 3537. Is d a composite number?
False
Let k be (18/(-4))/((-10)/20). Let b be (k/(-6))/(6/1160) - -2. Let c = 679 + b. Is c a prime number?
False
Suppose 248*t + 216*t = 520788496. Is t prime?
True
Let c = -1037 - -497. Let a = c - -1586. Let v = 1567 - a. Is v a composite number?
False
Is ((-1)/(-12))/((-133)/(-638194116)) a composite number?
False
Suppose -6*z + 3994 - 1354 = 0. Let g = z + 633. Is g a prime number?
False
Suppose -44017 = -5*j - 5*j + 68673. Is j prime?
False
Suppose 619566 + 5065970 = 471*h - 439*h. Is h composite?
True
Let c be -56091 + -3 + 12/(-3). Let p = -35331 - c. Is p prime?
False
Suppose -10*q + 72 = -q. Let y = q + -24. Let o(c) = -281*c + 39. Is o(y) composite?
True
Let g(v) be the first derivative of v**4/4 + v**3 - 3*v**2 + 15*v - 2048. Let z be (-45)/6*(-4)/6. Is g(z) a composite number?
True
Let y = 94 + -84. Let h(r) = 2*r**2 + 2*r + 13. Let d be h(y). Let g = 236 + d. Is g composite?
True
Suppose -3*f - 2747 = -q + 189, 5*q = f + 960. Let v = -491 - f. Let l = 190 + v. Is l prime?
False
Suppose 4*i + 0*i = 2*m, 2*m = -2*i. Suppose -4*q + i*q + 8 = 0. Suppose q*g - 3*k - 21 - 16 = 0, -23 = -g + 3*k. Is g a prime number?
False
Let s(w) = 104*w**2 - 5*w - 15*w - 25 + 254*w**2. Is s(-7) composite?
False
Suppose 4*m - 2*m = -3*k + 99, -4*k = 4*m - 128. Suppose 0 = k*i - 41*i + 4308. Is i a prime number?
False
Suppose 0 = -5*o + 829484 + 1418491. Suppose 39*c - o = 111498. Is c a prime number?
True
Suppose 11*b = 3241586 - 727437. Is b prime?
True
Let d(g) = -1206*g + 78. Let t be d(12). Let c = 24935 + t. Is c prime?
False
Let z(y) = 129*y**3 - 12*y**2 - 13*y + 339. Is z(10) prime?
False
Let o(h) = 35*h**2 - 7*h + 13. Let g be (8 + (-3)/(-3))/3. Is o(g) a composite number?
False
Let p(b) = -113900*b**3 - 20*b**2 - b + 18. Is p(-1) prime?
True
Let d(c) = 34*c - 28. Let w be d(-4). Let y = -15 - w. Is y a prime number?
True
Let a = 361798 - 133575. Is a composite?
False
Let v = 30 + -59. Is (-536)/16*(-5 + v) a composite number?
True
Let h(p) = -2*p + 4. Let l be h(1). Suppose 8 = -2*u, 2*d + 3*d + l*u - 2017 = 0. Suppose -5*m = -1250 - d. Is m composite?
False
Let v be (-11 + 2 + -4)/(-1). Let w be (28 - 4267/153) + 2/(-18). Let c = v - w. Is c prime?
True
Is (-469582)/(-6)*(18/(-15))/((-22)/55) composite?
False
Suppose 12 = x + 5*l - 7, 41 = 3*x - l. Let v = 17 - x. Is ((6/4)/v)/(6/180) prime?
False
Let d(q) = -62937*q**3 - 11*q**2 - 12*q + 1. Is d(-1) a composite number?
False
Let w = 1836 - 5774. Let a = 6825 + w. Is a composite?
False
Suppose 5400520 = 107*y + 250503. Is y prime?
True
Let a = 548 + -550. Is (-534)/(-18)*(3 - (a - 232)) prime?
False
Let q be (-1)/(9/96)*202458/(-328). Suppose 0 = 2*z - 8 - 0. Suppose -2*p = p + 9, -z*p = 4*d - q. Is d a prime number?
False
Is (-1)/(17/2) + 28706292/204 prime?
True
Let j(g) = -3*g**2 - 17*g - 17. Let w be j(-4). Suppose 8*f = w*f + 20455. Is f composite?
False
Let x(n) = 6*n**2 - 44*n + 15. Let m be 70/(-140)*46*1. Is x(m) a composite number?
False
Let f = 43891 - -189700. Is f composite?
False
Suppose 0 = 4*o, d - o = -3*o + 11. Suppose -d*a + 2316 = a. Suppose 4*h - 5803 = a. Is h prime?
True
Let m = -916669 - -1834247. Is m prime?
False
Let u(f) = -4*f - 651. Let m be u(0). Let n be 3/6 + m/14. Let q = 105 + n. Is q a composite number?
False
Suppose -63 = -3*m + 24. Let d = m - 34. Let b = 144 + d. Is b a composite number?
False
Let l(n) = 7*n**3 + 4*n**2 - 114*n - 205. Is l(28) a composite number?
True
Is -10 + (125880 - -2) + -9 a prime number?
True
Let h(u) = -55*u**3 - 24*u**2 - 257*u - 51. Is h(-11) a composite number?
True
Let g = 8061 - -5032. Is g prime?
True
Let i be 49/(-28) + (-18711)/28. Let a = i + 2471. Is a a composite number?
False
Suppose 0*q + 4*q = 5*l - 3372747, -q - 674549 = -l. Is l a composite number?
False
Suppose -2*m + 12 = -18. Suppose 0 = -5*s + 5*z + m, -3*s + 1 = -z - 6. Is (181 + -3)*2/s + 3 a prime number?
True
Let m = -113314